- 14/21. Suppose -5*d + 90 = h*i, -5*i - d = 2*d - 88. Calculate the remainder when 99 is divided by i.
14
Let y(d) = -20*d - 12. Let c(g) = -11*g - 6. Let b(k) = 11*c(k) - 6*y(k). What is the remainder when b(-23) is divided by 16?
13
Let l = -44252 + 45155. What is the remainder when l is divided by 299?
6
Let n = -12098 + 12300. Calculate the remainder when n is divided by (6/4)/(2/16).
10
Let w(x) = -3 - 301*x + 324*x - 7 - 1 + 2. Let d be (2/4)/((-2)/(-4)). What is the remainder when 41 is divided by w(d)?
13
Suppose 5*s + i = -3*i + 127, -3*i = -3*s + 60. Let q be (-3400)/(-12) + 3/(-9) - 2. Let z = q + -167. Calculate the remainder when z is divided by s.
22
Let b = 1021 - 576. Let c = b - 240. Calculate the remainder when c is divided by 23.
21
Suppose -5*i + 2*i + 459 = 0. Calculate the remainder when i is divided by 0 - 35/25 - (-4260)/150.
18
Suppose -163 = -6*z - 181. Calculate the remainder when (z/4)/(13/(-52))*8 is divided by 10.
4
Let b(l) = 2*l**2 - 3*l + 2. Let p be b(2). Let x(t) = t + 2. Calculate the remainder when x(p) is divided by 3/((-5)/50*-15).
0
Let m = 24 - 12. Let q be (m/(-4))/1 - -81. Suppose 3*j - 4*j + q = 0. Calculate the remainder when j is divided by 40.
38
Suppose 0 = -56*z + 60*z - 3*q - 1523, -4*q + 1865 = 5*z. What is the remainder when 380 is divided by z?
3
Suppose 24743*x = 24745*x - 270. Calculate the remainder when 1889 is divided by x.
134
Let x be -1 + (-9)/21 + (-72)/(-21). Suppose -3*n = 2*m - 528, x*m = -n + 2*n + 520. Calculate the remainder when m is divided by 11.
8
Let n(m) = -10*m - 120. Calculate the remainder when 78 is divided by n(-14).
18
Let b(s) = s**2 + 2*s. Let a = 330 + -309. Suppose 4*t = 3*p + a, 5*t + 24 = -p + 74. Calculate the remainder when b(-5) is divided by t.
6
Suppose -11 = -5*f - 4*v, -6*f - v = -2*f - 11. Let y(d) = -5*d - 14*d**3 + 15 + 15*d**f - 10*d + 14*d**2. Calculate the remainder when 87 is divided by y(-15).
12
Let o(v) = -13*v**2 + 15*v + 27. Let k(z) = 11*z**2 - 15*z - 27. Let g(y) = 7*k(y) + 6*o(y). Calculate the remainder when 12 is divided by g(-12).
3
Suppose -y = -4*y + f + 38, 0 = y - 4*f - 20. Let v be (324/(-8))/(-9)*-24. Calculate the remainder when (-30)/(9/(v/8)) is divided by y.
9
Suppose -2*n + w = -1002, 0*n + w - 1006 = -2*n. Let f = -475 + n. Suppose 0 = -3*t - t + 60. Calculate the remainder when f is divided by t.
12
Let j(a) = 228*a**3 + 142*a - 144. Calculate the remainder when 2278 is divided by j(1).
18
Suppose -77*x + 50960 = -37*x. What is the remainder when x is divided by 75?
74
Let c be ((-454)/(-10) + 6 - 6)*15. Let x = c - 614. Calculate the remainder when x is divided by 30.
7
Suppose -106*o + 8205 = -20415. What is the remainder when 598 is divided by o?
58
Let q be 539/(-4) + 2/(-8). Suppose -4*y = -2003 + 2599. Let w = q - y. Calculate the remainder when w is divided by 5.
4
Suppose -2*h = -7*h + w - 50, 5*h + 50 = -5*w. Let q = 47 - h. What is the remainder when q is divided by 21?
15
Let u = -10693 + 11806. Calculate the remainder when 2230 is divided by u.
4
Suppose -3*g - 4*c + 404 = 0, c = -38*g + 39*g - 137. Calculate the remainder when 162 is divided by g.
26
Let x = 12567 - 11491. Calculate the remainder when x is divided by 269.
0
Let z be (-80 - 19)/(-1*1). Let s = z + -71. Suppose 3*l = s + 8. What is the remainder when 57 is divided by l?
9
Suppose -8*u = -6*u + 4*m - 16, 27 = 4*u + 3*m. Let f(a) = 2*a + 15. Let k be f(-10). Calculate the remainder when u is divided by 2/(k*8/(-20)).
0
Suppose 0 = -665*x + 403*x + 16768. Suppose -4*u - 9 = -b - 0*u, 4*u = 2*b - 34. Calculate the remainder when x is divided by b.
14
Suppose 4*l - 7604 = -6*h + 4*h, -h + 2*l + 3826 = 0. Calculate the remainder when h is divided by 11.
8
Suppose -2*f - 4*q + 108 = 0, 5*q + 65 + 88 = 2*f. What is the remainder when (-11*6/(-1320)*-764)/(2/(-20)) is divided by f?
62
Let f(b) = 70*b - 135. Let p be f(2). Suppose 4*w + g - 595 = -0*w, p*w + 5*g - 740 = 0. What is the remainder when w is divided by 39?
32
Let c be 18 - 1 - (0 - -3). Suppose 3*y = c + 1. Calculate the remainder when 5 + (-1938)/(-304) + 3/(-8) is divided by y.
1
Let s(b) = -201*b - 4795. Calculate the remainder when 4724 is divided by s(-24).
26
Suppose 35*n - 2745 = -86*n - 62*n. Calculate the remainder when 1646 is divided by n.
11
Let s(y) = -10*y**3 - 2*y**2 + 1. Let f be (6/4)/(6/16). Let r(g) = 9*g - 11. Calculate the remainder when s(-2) is divided by r(f).
23
Let q(u) = 511*u - 953. What is the remainder when q(9) is divided by 48?
46
Suppose 2*y + 39 = 3*i, 4*i - 22 - 10 = -4*y. Suppose -1640*p + 1602*p + 869 + 309 = 0. What is the remainder when p is divided by i?
9
Suppose 2*t - 5*j = 174, 282 = 4*t - 102*j + 103*j. Calculate the remainder when 153 is divided by t.
9
Let b(n) = 10*n + 63. Let v be b(-7). Let m(y) = -26*y - 157. What is the remainder when 72 is divided by m(v)?
22
Let q = -26 - -59. Let x = -30 + q. Suppose y - 12 = -x. What is the remainder when 51 is divided by y?
6
Let x(l) = -29*l. Let y(i) = 17*i + 13*i - 3836 + 3835. Let c(k) = 3*x(k) + 2*y(k). What is the remainder when c(-4) is divided by 36?
34
Let b(s) = s**3 + 16*s**2 - 63*s - 28. Let p be b(-14). Suppose p = 6*z + 244. Calculate the remainder when z is divided by 57.
53
Let w = 11352 + -11072. Calculate the remainder when w is divided by 180.
100
Suppose 66 + 66 = -4*n. Let u be (-276)/9*((-36)/(-8))/(-3). Let s = u + n. What is the remainder when s is divided by 4?
1
Let u(f) = 16*f**2 - f - 1. Let x(j) = -j**2 + 8*j - 17. Let b be x(12). Let d = b - -71. What is the remainder when u(-1) is divided by d?
4
Calculate the remainder when 369 is divided by (-25821)/(-285)*(-15)/(-9).
67
Suppose -5*d + 128 = 8. Let q be (3/(-9))/(((-4)/2)/d). Suppose 3*n - 3*g - 69 = 0, -q*n - n - 5*g = -125. What is the remainder when 47 is divided by n?
23
Let y(d) = 2*d**3 - 22*d**2 - 15*d - 86. What is the remainder when 602 is divided by y(12)?
8
Let w(i) = -301*i**2 + i + 155. What is the remainder when 1000 is divided by w(0)?
70
Suppose 0 = -7*r + 4*r - 27. Let t = 14 - r. What is the remainder when t is divided by 7 + ((-7)/(-1) - 1)?
10
Let v(f) = f**2 - 25*f + 7. Suppose 225 = -543*c + 552*c. Calculate the remainder when 166 is divided by v(c).
5
Calculate the remainder when 298/(-596)*(-3199 - -1) is divided by 20.
19
Suppose 7*h - 8*h + 549 = -2086. What is the remainder when h is divided by 8?
3
What is the remainder when 4 - 1 - 123/(4920/(-7040)) is divided by (-1 - -13)*23/3?
87
Suppose -6*y + 8307 - 3247 = -42652. Calculate the remainder when y is divided by 36.
32
Let t = -2895 + 2913. What is the remainder when 3650 is divided by t?
14
Suppose 2*o + 3*n - 13 - 1 = 0, -n + 2 = 0. Suppose o*v - 182 = -2*l, 4*v - 157 = 6*l - 3*l. Calculate the remainder when v is divided by 18.
7
What is the remainder when 2868 is divided by ((2265/60)/(-5 - -4))/(2/(-8))?
150
Let c = 4261 + -4055. Calculate the remainder when c is divided by 5.
1
Suppose -5*u = 4 - 29. Suppose d + u*q = -0*q - 26, 5*d = -2*q - 15. What is the remainder when 21 is divided by (-28)/12*9/(d - 2)?
0
Let t(y) = 11*y - 1. Let f(m) = -221*m + 20232. What is the remainder when f(91) is divided by t(4)?
35
Suppose -210 = -5*k - 15. Suppose -k - 251 = -5*j. Calculate the remainder when j is divided by 20.
18
Suppose 0 = q - 6*q - 200. Let v = -25 - q. What is the remainder when (6/8)/(40/(229600/105)) is divided by v?
11
Let o(k) = -112*k + 1817. Let n = 132 + -72. Calculate the remainder when n is divided by o(16).
10
Suppose -10 = -36*q + 31*q. Suppose 0 = -q*b - 5*y + 23, 9*b - 5*b - 10 = 2*y. Calculate the remainder when 20 is divided by b.
0
Let y = -88 + 88. Suppose y = x + 1, -3*a + 2*x = -2*x - 19. Calculate the remainder when a is divided by 4.
1
Let j = -379 - -381. Suppose j*x + 160 = 10*x. Calculate the remainder when 156 is divided by x.
16
Let h be 2 - 1*(-1 - -2). Let l(n) = n**3 + n**2 + n - 1. Suppose -3*c = 2*c - 20. Calculate the remainder when c is divided by l(h).
0
Suppose -2*k + 34 = 4*o, 5*k - 5*o + 2 - 27 = 0. Let g = 7815 + -7808. Calculate the remainder when k is divided by g.
2
Let f(g) = 3*g**3 - 71*g**2 + 4*g + 82. Calculate the remainder when f(24) is divided by 27.
25
Suppose 4*v - 5*b - 387 